 15.
-2085
Convert -27201 (base 8) to base 6.
-131041
What is 1b34 (base 16) in base 6?
52124
111100100101 (base 2) to base 3
12022121
What is -225 (base 8) in base 10?
-149
1481 (base 9) to base 7
3166
-757 (base 8) to base 10
-495
Convert -403 (base 5) to base 9.
-124
163 (base 11) to base 2
10111110
7742 (base 8) to base 5
112231
4e99 (base 15) to base 4
10012122
What is -18b3 (base 13) in base 4?
-321233
What is -12121 (base 6) in base 14?
-90d
-101110111000 (base 2) to base 8
-5670
What is 11963 (base 10) in base 16?
2ebb
103204 (base 6) to base 12
4b04
Convert -163b6 (base 15) to base 13.
-26850
What is -72117 (base 8) in base 7?
-152544
Convert -143010 (base 5) to base 3.
-22020102
Convert -135 (base 6) to base 3.
-2012
What is -15a6 (base 11) in base 16?
-804
Convert -23447 (base 8) to base 15.
-2e83
-13032 (base 4) to base 16
-1ce
-350 (base 8) to base 2
-11101000
8b9 (base 14) to base 15
7a6
Convert -153ee (base 16) to base 3.
-11102101001
Convert -10000100011100 (base 2) to base 12.
-4aa4
What is a4d9 (base 14) in base 2?
110111011111111
Convert 1221323 (base 4) to base 2.
1101001111011
Convert -10221220101 (base 3) to base 6.
-1400444
12202 (base 6) to base 2
11100001010
Convert 11145 (base 6) to base 9.
2142
What is 442222 (base 5) in base 16?
3bd0
Convert -11205 (base 9) to base 10.
-7457
Convert -13a (base 11) to base 14.
-ba
What is -1110110000 (base 2) in base 8?
-1660
Convert -10232 (base 4) to base 12.
-212
What is 135325 (base 6) in base 8?
31105
What is -16330 (base 8) in base 9?
-11114
Convert -122330 (base 7) to base 12.
-10bbb
What is -10249 (base 12) in base 8?
-51131
Convert 110041 (base 5) to base 16.
ebb
-442124 (base 6) to base 9
-55387
2033042 (base 5) to base 15
9dec
What is -33322 (base 5) in base 6?
-14453
Convert 220010000 (base 3) to base 6.
213213
What is 3002301 (base 4) in base 6?
133413
What is -11622 (base 12) in base 3?
-1012000222
1112220 (base 3) to base 5
14011
Convert -832 (base 9) to base 2.
-1010100101
What is 312 (base 8) in base 4?
3022
Convert -1411 (base 9) to base 6.
-4531
100010111011 (base 2) to base 5
32420
13221 (base 4) to base 14
26d
-1221 (base 7) to base 14
-248
Convert -808 (base 14) to base 10.
-1576
Convert f284 (base 16) to base 12.
2bb18
-278 (base 12) to base 8
-574
What is -101310 (base 5) in base 3?
-11120100
What is 47d (base 15) in base 13?
604
11001111001111 (base 2) to base 3
200012020
1340 (base 8) to base 16
2e0
Convert -bdc (base 16) to base 10.
-3036
Convert 1111011001 (base 3) to base 13.
10426
What is 2212 (base 6) in base 15?
242
What is 1223 (base 4) in base 11?
98
422 (base 15) to base 3
1021112
Convert -9 (base 13) to base 9.
-10
What is 1870 (base 12) in base 2?
101110010100
What is 440421 (base 5) in base 9?
22650
1eb (base 16) to base 8
753
2787 (base 10) to base 16
ae3
2133 (base 7) to base 6
3303
Convert 464b (base 15) to base 7.
61334
What is 2c5 (base 16) in base 11?
595
-d70 (base 15) to base 14
-1166
What is -7aa4 (base 12) in base 9?
-20657
What is -941 (base 14) in base 10?
-1821
What is 8215 (base 10) in base 9?
12237
-1423 (base 10) to base 9
-1851
What is -57571 (base 9) in base 12?
-1a261
-524 (base 6) to base 12
-144
14305 (base 6) to base 2
100011100001
What is 3516 (base 7) in base 6?
5543
Convert -33a (base 12) to base 7.
-1252
6314 (base 11) to base 10
8364
What is 55 (base 10) in base 11?
50
Convert -3581 (base 16) to base 8.
-32601
-104 (base 13) to base 9
-212
Convert -579 (base 16) to base 2.
-10101111001
173 (base 14) to base 11
250
Convert 456 (base 8) to base 11.
255
-11626 (base 9) to base 11
-5951
What is 22031 (base 5) in base 6?
11004
What is 2403 (base 6) in base 15?
289
What is -1323 (base 4) in base 13?
-96
Convert -5624 (base 10) to base 13.
-2738
167 (base 8) to base 14
87
-922 (base 10) to base 2
-1110011010
36525 (base 8) to base 3
210112112
What is -2001412 (base 5) in base 11?
-21720
What is 8334 (base 12) in base 9?
21544
What is 13032 (base 5) in base 2?
1111111001
Convert -36 (base 8) to base 14.
-22
663 (base 8) to base 13
276
What is -10111010101 (base 2) in base 12?
-a45
Convert -18c5 (base 16) to base 14.
-244d
What is -9d (base 16) in base 11?
-133
Convert -c79 (base 15) to base 5.
-42224
What is -1010111110001000 (base 2) in base 9?
-67568
Convert -28b4 (base 15) to base 13.
-3c79
-362 (base 7) to base 11
-164
Convert -120031 (base 7) to base 3.
-1002200011
What is 11101100111 (base 2) in base 10?
1895
-258 (base 12) to base 2
-101100100
What is 11322 (base 7) in base 10?
2907
2444 (base 7) to base 5
12124
What is -471 (base 11) in base 4?
-20302
What is -102740 (base 8) in base 7?
-201630
What is 100200112 (base 3) in base 5?
211221
Convert -dc9 (base 15) to base 11.
-2381
What is 2346 (base 8) in base 4?
103212
What is 4349 (base 12) in base 6?
54133
Convert -3200 (base 4) to base 13.
-143
-8502 (base 10) to base 8
-20466
2f65 (base 16) to base 13
56a4
17c8 (base 13) to base 8
6730
Convert a1c7 (base 13) to base 6.
251130
Convert 110001110011 (base 2) to base 7.
12202
-10a3c (base 16) to base 13
-2503a
Convert -1020120 (base 3) to base 9.
-1216
What is 23704 (base 9) in base 13?
72c7
What is 163551 (base 7) in base 9?
48546
2c6a (base 13) to base 5
202020
11110111 (base 2) to base 11
205
-12a8 (base 11) to base 12
-b8b
121120 (base 3) to base 11
377
42410 (base 8) to base 6
213452
What is 8047 (base 9) in base 2?
1011011110011
What is 342 (base 5) in base 10?
97
What is 5758 (base 11) in base 10?
7565
206 (base 14) to base 10
398
Convert 2006 (base 8) to base 10.
1030
138a (base 15) to base 2
1000001010100
What is 113031 (base 5) in base 6?
31101
What is -102453 (base 6) in base 5?
-232020
28 (base 13) to base 4
202
What is 1755 (base 10) in base 11?
1356
What is -2112 (base 12) in base 6?
-24422
Convert -2225 (base 7) to base 2.
-1100100011
What is 2331201 (base 4) in base 15?
38d9
What is 301 (base 9) in base 15?
114
Convert -1bd (base 15) to base 2.
-110010011
-932 (base 16) to base 5
-33404
748 (base 9) to base 15
2ab
Convert 5052 (base 6) to base 9.
1465
What is 2243 (base 10) in base 8?
4303
Convert 10101110101111 (base 2) to base 11.
8447
What is 7403 (base 14) in base 3?
1000102120
Convert -1011000000 (base 2) to base 8.
-1300
What is -332 (base 15) in base 3?
-222202
-1ccd (base 15) to base 9
-8534
-1325 (base 7) to base 16
-1fd
Convert -57b1 (base 16) to base 3.
-1010210110
-828 (base 11) to base 3
-1100222
What is 1494 (base 10) in base 13?
8ac
What is -ad8c (base 15) in base 10?
-36807
3939 (base 12) to base 13
2c7c
What is -22a2 (base 16) in base 9?
-13141
Convert -124004 (base 6) to base 11.
-8495
Convert 33401 (base 9) to base 4.
11122303
What is 384 (base 12) in base 3?
201201
Convert -136 (base 11) to base 7.
-316
What is 394 (base 15) in base 16?
32e
What is -50456 (base 8) in base 6?
-240114
-699 (base 16) to base 8
-3231
What is 3772 (base 14) in base 9?
14272
-24b (base 13) to base 11
-335
Convert cc34 (base 13) to base 15.
865a
What is -1200 (base 8) in base 16?
-280
What is -1e60 (base 15) in base 12?
-39b3
What is 11250 (base 6) in base 8?
3116
Convert 1a8b (base 12) to base 9.
4438
Convert 30574 (base 11) to base 5.
2411414
-120001010 (base 3) to base 8
-25325
8b1 (base 16) to base 8
4261
What is 10101010011 (base 2) in base 5?
20423
-1944 (base 12) to base 9
-4187
What is 881 (base 12) in base 11?
a36
6012 (base 11) to base 10
7999
What is -a97 (base 11) in base 10?
-1316
What is -344 (base 12) in base 16?
-1e4
Convert 112011021 (base 3) to base 2.
10100001010001
-205 (base 8) to base 13
-a3
Convert 3823 (base 11) to base 15.
1726
10817 (base 11) to base 4
3310023
Convert 1796a (base 14) to base 13.
210c7
Convert -222221 (base 3) to base 6.
-3211
What is 10110330 (base 4) in base 16?
453c
Convert 2031 (base 4) to base 6.
353
-1110 (base 6) to base 7
-516
Convert -34144 (base 5) to base 3.
-10022210
What is -11011212 (base 3) in base 16?
-be7
-6744 (base 15) to base 16
-5581
-758 (base 13) to base 8
-2350
a871 (base 12) to base 13
8575
a36 (base 11) to base 16
4e1
What is -12002 (base 4) in base 3?
-112022
Convert -409 (base 10) to base 4.
-12121
What is 2652 (base 8) in base 5?
21300
13546 (base 7) to base 5
104314
What is -10010001100 (base 2) in base 11?
-969
20221001 (base 3) to 